 - 15. Let u be a(0). Let l = u + 29. What is the remainder when 6 is divided by 2/4 + l/4?
2
Suppose -2*z + 0 = -4, 0 = -l - 2*z + 13. Let c = 17 + 8. What is the remainder when c is divided by l?
7
Suppose 0 = -2*p + 6*p - 76. Suppose -4*y = -2*h - 6 - 12, 3 = -y - h. Suppose -y*m = 3*m - 50. What is the remainder when p is divided by m?
9
Calculate the remainder when -5 + 4 - -6 - 1 is divided by 2.
0
Let b = -5 - -1. Let m(k) = -k + 1. Calculate the remainder when 13 is divided by m(b).
3
Suppose 3*d = 3 + 6. Calculate the remainder when 5 is divided by d.
2
Suppose -9 = 3*p - 4*p. Calculate the remainder when p is divided by 5.
4
What is the remainder when 45 is divided by (-8)/(-1)*(2 - 0)?
13
Let x(g) = 7*g + 2. Let p(t) be the first derivative of -t**4/4 + t**3/3 + t**2/2 + 31*t - 9. Calculate the remainder when p(0) is divided by x(2).
15
Let x = -5 - -3. Let l be x/(-8)*14*6. Calculate the remainder when 26 is divided by l/(-1 + 5/2).
12
Suppose 4*g - 38 = -2. Let h = g - -6. Let c(r) = r**3 - 4*r**2 - 7*r - 2. Calculate the remainder when c(6) is divided by h.
13
Suppose -3*d = 2*m + 14 - 34, -12 = -3*d. Suppose 3 + 9 = m*q. Calculate the remainder when 3 is divided by q.
0
Suppose 11 = b - 3*m, 2*b - 4*b = 3*m + 5. Let k = b - -2. Suppose -2*f - 2*f + 5*p + 20 = 0, 56 = 4*f + k*p. What is the remainder when 19 is divided by f?
9
Let p(a) = a**3 + 6*a**2 + a + 8. Let d be p(-6). Suppose 34 = o - c, -72 = -3*o - d*c + 10. Calculate the remainder when o is divided by 11.
8
Suppose 0 = 2*w + 5*p - 72, 4*w - 5*p - 92 = -2*p. Let u = w - 8. What is the remainder when u is divided by 10?
8
Suppose -4 = -j - 0. Suppose -l + 2 = 2*o, 3*l - 4*l = j. Calculate the remainder when -3 + 3 - -32 - o is divided by 15.
14
Let w(j) = j**3 + 10*j**2 + 10*j + 13. What is the remainder when w(-9) is divided by 2?
0
Let r = -2 - -5. Let u be (-4)/12*(-18)/r. Let v = u + 4. Calculate the remainder when 16 is divided by v.
4
Let x(y) = 27*y**2 - 1. Calculate the remainder when x(1) is divided by 14.
12
Calculate the remainder when (3 - 0) + (2 - 1) is divided by 3.
1
Let g(a) = -a**3 - a + 51. Suppose -d + 6 + 7 = 0. What is the remainder when g(0) is divided by d?
12
Let t be (-8)/(-6) - (-9)/(-27). What is the remainder when ((-35)/(-10))/(t/18) is divided by 16?
15
What is the remainder when 38 is divided by ((-2)/4)/(3/(-60))?
8
Suppose -5 = -c - 5*o, -o = 2*c - 5*o + 4. Suppose c = 5*b + 29 - 124. What is the remainder when b is divided by ((-2)/(-2))/((-1)/(-7))?
5
Let x be 16/6*(-75)/(-20). Let c = -5 + x. What is the remainder when 17 is divided by c?
2
Suppose -3*r + 0*r = -108. Suppose -4*x + 9*x = 50. Let g = x + 3. Calculate the remainder when r is divided by g.
10
Suppose -4 = v, n + 2*v = -4*n + 2. Let a(c) = 3*c**2 - c - 2. Calculate the remainder when 15 is divided by a(n).
7
Let n = 9 - 7. Suppose 0*i + 106 = n*i. Calculate the remainder when i is divided by 14.
11
Suppose 2*f - 7*h - 190 = -3*h, 5*f + 3*h - 514 = 0. Calculate the remainder when f is divided by 34.
33
Let k(i) = -i**2 - 8*i + 1. Let m be k(-6). Let x(o) = o + 1. Let z be x(-6). Let r = m + z. Calculate the remainder when 14 is divided by r.
6
Suppose -2*l = -3*n - 0*l + 10, -n = 4*l + 6. Suppose -33 = -n*q - q. Calculate the remainder when 31 is divided by q.
9
Let u(k) = -k**2 - 9*k + 11. What is the remainder when (54/63)/((-1)/(-42)) is divided by u(-8)?
17
Let d(r) = 12*r - 4. Let k(n) = -5 + 0*n - n**3 + 6*n**2 - 2*n - 2*n. What is the remainder when d(3) is divided by k(4)?
10
Let o = -8 + 18. Let i be 134/12 + (-4)/24. Let n = 14 - i. What is the remainder when o is divided by n?
1
Suppose -u = -p + 11, 3*p - u + 0*u - 27 = 0. Suppose 5*s + 30 = 11*s. What is the remainder when p is divided by s?
3
Let y = -12 + 27. Calculate the remainder when 42 + (-1 - (-1 + -1)) is divided by y.
13
Let s(y) = y + 7. Let q be s(-11). What is the remainder when (22/q)/((-6)/12) is divided by 3?
2
Suppose w + 41 = 5*c - 1, -2*w - 21 = -3*c. Suppose 3*j = -u + 43, c + 11 = 5*j. What is the remainder when 92 is divided by u?
30
Suppose 0 = -d + 4*d - 6. Let o be (-4)/6 - d/(-3). Suppose -2*j + 37 - 7 = o. What is the remainder when j is divided by 8?
7
Let s(k) = -2*k + 5. Let l be s(-5). Suppose 0 = 4*j - 161 - l. Suppose -5*w - 40 = -n - 3*n, -3*w + 42 = 2*n. Calculate the remainder when j is divided by n.
14
Suppose 6*j - 9 = 5*j. What is the remainder when 34 is divided by j?
7
Calculate the remainder when 36 is divided by (-9 + (3 - -1))*-2.
6
What is the remainder when (-2)/12 - (-302)/12 is divided by 9?
7
Let f be -2*(-1)/(-1) - -4. Suppose 3*t - 11 = 5*g, -3*g + 8*g = f*t - 9. Suppose -t*i = 3*i - 70. What is the remainder when 40 is divided by i?
12
Suppose 4*v + 3 = 15. Let y be 6/(-2 + v) - 2. Suppose 12 = y*b - b. Calculate the remainder when b is divided by 3.
1
Suppose l - 32 = w + 4*l, 0 = -2*w + 2*l - 32. Calculate the remainder when 23 is divided by (-34)/(-4) - (-10)/w.
7
Suppose -4*v = -3*u - 35, -4*v - 3*u + 48 = -5. Calculate the remainder when 40 is divided by v.
7
Suppose 420 = -3*k - 2*k. Let i = k + 122. Calculate the remainder when i is divided by 13.
12
Calculate the remainder when 15 + -1 + 0 + 0 is divided by ((-4)/(-9))/(8/(5 - -67)).
2
Suppose -2*p = 3*p - 235. Suppose -5*x + p = 12. Suppose 2*g + 12 = 3*g + 2*a, -2*a + 14 = 2*g. Calculate the remainder when x is divided by g.
1
Suppose -x + 2 + 0 = 0. Let j(h) = 2*h**3 - 4*h**2 + 2*h + 1. Suppose 3*g + 6 = 5*g + 3*p, 2*p + 8 = 0. What is the remainder when g is divided by j(x)?
4
Suppose -2*w - 2*w = -108. Let h = w + -16. Let t = -47 - -88. Calculate the remainder when t is divided by h.
8
Let t(j) = 12*j + 18. Calculate the remainder when t(5) is divided by 16.
14
Let v(x) = -x**3 - 5*x**2 - 3*x. Let l(g) = g**2 - 4*g - 5. Let r be l(4). Calculate the remainder when 28 is divided by v(r).
13
Suppose 4*n + 4 = -2*f - n, f - n - 5 = 0. Calculate the remainder when ((-76)/6)/(f/(-9)) is divided by (-4)/((-4)/3) + 10.
12
Suppose -5*n + 38 = -2*w, -3*w - 2*w - 72 = -n. Let f be 19 - 0 - 1*-2. Let y = f - w. What is the remainder when y is divided by 18?
17
Let z = -5 - -31. What is the remainder when z is divided by 9?
8
Let j(k) = k**2 + 15*k + 20. What is the remainder when 77 is divided by j(-15)?
17
Let a be -1 - 2 - 100/(-2). Let x = a - 15. Let c = 20 + -3. What is the remainder when x is divided by c?
15
Let i be 399/6 - 1/(-2). Suppose -2*x = -5*x - 4*d + i, 2*x = 5*d + 83. Calculate the remainder when x is divided by 10.
9
Suppose 5*l = l + 720. Suppose 0*u + 5*u - l = 0. What is the remainder when u is divided by 19?
17
Let d(i) = -i**3 + 5*i**2 - i + 5. Let w be d(5). Suppose -60 = -w*n - 3*n. Calculate the remainder when n is divided by 7.
6
Suppose -10 = b - 2*b. What is the remainder when 14 is divided by b?
4
Suppose -x + 9 = -p, 6*x + 5*p - 15 = x. What is the remainder when 23 is divided by x?
5
Let s = -2 + 1. Suppose -2*x = -3*x + 1. Calculate the remainder when (-26 + (2 - x))*s is divided by 9.
7
Let o = 1 + 1. Calculate the remainder when 2 is divided by o.
0
Let o(z) = -2*z - 8. Let f be o(-8). Let v = 13 - f. Let n = v + -4. Calculate the remainder when 1 is divided by n.
0
Let n(v) = -v**2 + 5*v + 1. Let a be (-2 + 1)*2 + 7. Let u be n(a). Let d = u - -5. What is the remainder when 22 is divided by d?
4
Let p(k) = -2*k - 9. Let o be p(-7). Suppose -2*r - 2*n = -0*r - 4, r = o*n + 32. Let y = 15 - 12. Calculate the remainder when r is divided by y.
1
Let p = 164 - 271. Let i = 158 + p. What is the remainder when i is divided by 13?
12
Let f(t) = -t**3 + 9*t**2 - 9*t - 10. Calculate the remainder when 124 is divided by f(7).
24
Suppose 272 = 2*g - 0*g. Let r be (-6)/9 - 6/(-9). What is the remainder when (-2 + r)*g/(-16) is divided by 6?
5
Calculate the remainder when 21 is divided by (-2 + 0)*(-55)/10.
10
Suppose 8*o - 5*o = 132. Suppose -5 = s, 7*s = -3*m + 3*s + 25. What is the remainder when o is divided by m?
14
Let q = 143 + -84. What is the remainder when q is divided by 14?
3
Let l = -3 + 7. Calculate the remainder when 12 is divided by l.
0
Let i(k) = 3*k**2 + 2*k**2 - 7*k - 4*k**2 + 2. What is the remainder when i(8) is divided by 6?
4
Let w = 4 + -2. Suppose -2 = -